{"id":84537,"date":"2026-02-23T00:00:00","date_gmt":"2026-02-23T05:00:00","guid":{"rendered":"https:\/\/www.centraide-mtl.org\/directory-of-agencies-and-projects\/centre-dactivites-pour-le-maintien-de-lequilibre-emotionnel-de-montreal-nord-camee-2\/"},"modified":"2026-02-23T11:39:42","modified_gmt":"2026-02-23T16:39:42","slug":"centre-dactivites-pour-le-maintien-de-lequilibre-emotionnel-de-montreal-nord-camee","status":"publish","type":"organization","link":"https:\/\/www.centraide-mtl.org\/en\/directory-of-agencies-and-projects\/centre-dactivites-pour-le-maintien-de-lequilibre-emotionnel-de-montreal-nord-camee\/","title":{"rendered":"Centre d&#8217;activit\u00e9s pour le maintien de l&#8217;\u00e9quilibre \u00e9motionnel de Montr\u00e9al-Nord (CAM\u00c9\u00c9)"},"content":{"rendered":"","protected":false},"featured_media":2700,"template":"","sector":[113],"intervention-sector":[875,881],"field-action":[858,859],"class_list":["post-84537","organization","type-organization","status-publish","has-post-thumbnail","hentry","sector-montreal-nord","intervention-sector-housing","intervention-sector-mental-health","field-action-for-decent-living-conditions","field-action-for-inclusive-communities"],"acf":[],"publishpress_future_workflow_manual_trigger":{"enabledWorkflows":[]},"_links":{"self":[{"href":"https:\/\/www.centraide-mtl.org\/en\/wp-json\/wp\/v2\/organization\/84537","targetHints":{"allow":["GET"]}}],"collection":[{"href":"https:\/\/www.centraide-mtl.org\/en\/wp-json\/wp\/v2\/organization"}],"about":[{"href":"https:\/\/www.centraide-mtl.org\/en\/wp-json\/wp\/v2\/types\/organization"}],"wp:featuredmedia":[{"embeddable":true,"href":"https:\/\/www.centraide-mtl.org\/en\/wp-json\/wp\/v2\/media\/2700"}],"wp:attachment":[{"href":"https:\/\/www.centraide-mtl.org\/en\/wp-json\/wp\/v2\/media?parent=84537"}],"wp:term":[{"taxonomy":"sector","embeddable":true,"href":"https:\/\/www.centraide-mtl.org\/en\/wp-json\/wp\/v2\/sector?post=84537"},{"taxonomy":"intervention-sector","embeddable":true,"href":"https:\/\/www.centraide-mtl.org\/en\/wp-json\/wp\/v2\/intervention-sector?post=84537"},{"taxonomy":"field-action","embeddable":true,"href":"https:\/\/www.centraide-mtl.org\/en\/wp-json\/wp\/v2\/field-action?post=84537"}],"curies":[{"name":"wp","href":"https:\/\/api.w.org\/{rel}","templated":true}]}}

Centre d&#8217;activités pour le maintien de l&#8217;équilibre émotionnel de Montréal-Nord (CAMÉÉ)
